 the tens digit of 253843067?
6
What is the hundred thousands digit of 52045819?
0
What is the thousands digit of 67871641?
1
What is the thousands digit of 751018242?
8
What is the ten millions digit of 181549937?
8
What is the millions digit of 59441790?
9
What is the tens digit of 2453081190?
9
What is the hundred millions digit of 160770300?
1
What is the millions digit of 2538905998?
8
What is the hundred thousands digit of 2766627002?
6
What is the hundreds digit of 582588033?
0
What is the ten thousands digit of 87227685?
2
What is the hundreds digit of 468020475?
4
What is the thousands digit of 4895349667?
9
What is the thousands digit of 58159331?
9
What is the billions digit of 1688591572?
1
What is the hundred thousands digit of 18269404?
2
What is the millions digit of 552817490?
2
What is the hundred millions digit of 126252466?
1
What is the hundreds digit of 1980115050?
0
What is the millions digit of 189633581?
9
What is the hundred thousands digit of 208453579?
4
What is the ten millions digit of 398593346?
9
What is the hundred thousands digit of 171523371?
5
What is the millions digit of 34893803?
4
What is the hundreds digit of 435546778?
7
What is the hundred thousands digit of 8765957410?
9
What is the hundred thousands digit of 1115621447?
6
What is the units digit of 413431965?
5
What is the units digit of 1958725809?
9
What is the thousands digit of 264262710?
2
What is the tens digit of 1142301107?
0
What is the millions digit of 324747390?
4
What is the ten thousands digit of 6064047157?
4
What is the thousands digit of 1666493697?
3
What is the units digit of 27646459?
9
What is the units digit of 799939907?
7
What is the ten millions digit of 22068291?
2
What is the hundred thousands digit of 7222992900?
9
What is the hundred thousands digit of 33410545?
4
What is the units digit of 64572456?
6
What is the ten millions digit of 173061085?
7
What is the hundreds digit of 2344829043?
0
What is the ten millions digit of 16084036?
1
What is the millions digit of 74864962?
4
What is the hundred thousands digit of 2396740437?
7
What is the millions digit of 39458424?
9
What is the ten thousands digit of 372632775?
3
What is the hundred millions digit of 2882852316?
8
What is the ten thousands digit of 205264278?
6
What is the hundred thousands digit of 24856498?
8
What is the hundred millions digit of 107622361?
1
What is the millions digit of 10322204?
0
What is the units digit of 134530459?
9
What is the hundred thousands digit of 22078254?
0
What is the tens digit of 39202268?
6
What is the ten millions digit of 3301640043?
0
What is the hundreds digit of 933865949?
9
What is the units digit of 14739514?
4
What is the thousands digit of 148433352?
3
What is the billions digit of 1185112212?
1
What is the hundred thousands digit of 4711082?
7
What is the thousands digit of 846850060?
0
What is the ten millions digit of 42054489?
4
What is the billions digit of 2437390967?
2
What is the hundreds digit of 58565031?
0
What is the units digit of 506906039?
9
What is the thousands digit of 97861753?
1
What is the ten millions digit of 657326634?
5
What is the units digit of 81484355?
5
What is the hundred thousands digit of 1269460637?
4
What is the millions digit of 2740358443?
0
What is the ten thousands digit of 46767187?
6
What is the millions digit of 2794224?
2
What is the ten millions digit of 101234480?
0
What is the tens digit of 119039601?
0
What is the millions digit of 1293679?
1
What is the thousands digit of 35588176?
8
What is the ten thousands digit of 169952761?
5
What is the hundred millions digit of 167568958?
1
What is the millions digit of 32801860?
2
What is the hundreds digit of 61889302?
3
What is the thousands digit of 1835490351?
0
What is the tens digit of 158313995?
9
What is the ten millions digit of 5851770124?
5
What is the hundreds digit of 644851158?
1
What is the billions digit of 3666298463?
3
What is the billions digit of 2526262508?
2
What is the thousands digit of 668330082?
0
What is the hundred millions digit of 767435112?
7
What is the hundreds digit of 6397181763?
7
What is the ten thousands digit of 1302917554?
1
What is the ten thousands digit of 128666233?
6
What is the millions digit of 4672836?
4
What is the units digit of 353169127?
7
What is the units digit of 477416521?
1
What is the hundred thousands digit of 950965231?
9
What is the hundreds digit of 627903325?
3
What is the millions digit of 70971674?
0
What is the hundreds digit of 26272116?
1
What is the ten thousands digit of 9081951?
8
What is the hundred thousands digit of 49221961?
2
What is the tens digit of 4892666465?
6
What is the millions digit of 26354322?
6
What is the millions digit of 746920696?
6
What is the hundred thousands digit of 658795218?
7
What is the thousands digit of 98152986?
2
What is the tens digit of 70445402?
0
What is the hundred millions digit of 474793703?
4
What is the hundred thousands digit of 3799549?
7
What is the ten millions digit of 355638496?
5
What is the tens digit of 31290854?
5
What is the thousands digit of 142567665?
7
What is the ten millions digit of 1432575926?
3
What is the millions digit of 65896223?
5
What is the units digit of 1860990132?
2
What is the ten millions digit of 3128417423?
2
What is the hundred millions digit of 244401405?
2
What is the thousands digit of 42651561?
1
What is the hundred millions digit of 1401441404?
4
What is the hundred millions digit of 169564034?
1
What is the hundreds digit of 26803777?
7
What is the millions digit of 61967640?
1
What is the tens digit of 44064415?
1
What is the ten thousands digit of 295654216?
5
What is the hundred thousands digit of 46614166?
6
What is the thousands digit of 20548038?
8
What is the thousands digit of 42398431?
8
What is the ten thousands digit of 13519750?
1
What is the units digit of 49891680?
0
What is the hundreds digit of 241868162?
1
What is the ten thousands digit of 572119037?
1
What is the units digit of 829224621?
1
What is the ten millions digit of 66771442?
6
What is the thousands digit of 2433912332?
2
What is the hundreds digit of 3263691?
6
What is the hundreds digit of 71438274?
2
What is the ten millions digit of 289642293?
8
What is the hundred millions digit of 454420438?
4
What is the units digit of 1071917404?
4
What is the millions digit of 2694312539?
4
What is the millions digit of 159164110?
9
What is the ten millions digit of 99321946?
9
What is the millions digit of 594519108?
4
What is the hundreds digit of 869757352?
3
What is the thousands digit of 3730146052?
6
What is the units digit of 663801923?
3
What is the hundred millions digit of 6155222309?
1
What is the ten millions digit of 1189724862?
8
What is the hundred thousands digit of 219962375?
9
What is the ten millions digit of 790240493?
9
What is the hundred millions digit of 669953643?
6
What is the millions digit of 763552990?
3
What is the hundreds digit of 110189692?
6
What is the hundred thousands digit of 7265999566?
9
What is the ten millions digit of 1721334102?
2
What is the tens digit of 100487598?
9
What is the ten millions digit of 4506535970?
0
What is the ten millions digit of 67317843?
6
What is the hundred thousands digit of 45868569?
8
What is the units digit of 402092807?
7
What is the millions digit of 1142002134?
2
What is the millions digit of 711348535?
1
What is the ten thousands digit of 26925218?
2
What is the thousands digit of 62512812?
2
What is the millions digit of 759447137?
9
What is the hundreds digit of 1308599207?
2
What is the millions digit of 127099176?
7
What is the billions digit of 2608087674?
2
What is the hundreds digit of 129070176?
1
What is the ten thousands digit of 529887537?
8
What is the millions digit of 30732427?
0
What is the hundreds digit of 639765811?
8
What is the hundred thousands digit of 371596817?
5
What is the hundreds digit of 124664565?
5
What is the hundreds digit of 26972407?
4
What is the units digit of 892370448?
8
What is the ten millions digit of 376556696?
7
What is the units digit of 146838111?
1
What is the billions digit of 1375927079?
1
What is the tens digit of 7286811868?
6
What is the hundred thousands digit of 288776872?
7
Wha